is the ten thousands digit of 435292?
3
What is the units digit of 688944?
4
What is the thousands digit of 185892?
5
What is the tens digit of 9672185?
8
What is the hundreds digit of 1000066?
0
What is the tens digit of 10826949?
4
What is the millions digit of 2723905?
2
What is the millions digit of 18540129?
8
What is the ten thousands digit of 1722109?
2
What is the millions digit of 4102226?
4
What is the hundreds digit of 6782451?
4
What is the units digit of 411975?
5
What is the ten thousands digit of 598445?
9
What is the ten millions digit of 29792679?
2
What is the hundreds digit of 11054?
0
What is the tens digit of 160163?
6
What is the ten thousands digit of 1422265?
2
What is the units digit of 279485?
5
What is the ten millions digit of 22384567?
2
What is the thousands digit of 1070287?
0
What is the hundreds digit of 135139?
1
What is the ten thousands digit of 778705?
7
What is the units digit of 1183194?
4
What is the units digit of 129837?
7
What is the tens digit of 28964694?
9
What is the thousands digit of 7290822?
0
What is the units digit of 779096?
6
What is the units digit of 6744279?
9
What is the ten thousands digit of 14675070?
7
What is the hundreds digit of 170732?
7
What is the hundreds digit of 675520?
5
What is the hundred thousands digit of 3376199?
3
What is the hundreds digit of 200831?
8
What is the hundred thousands digit of 1132998?
1
What is the tens digit of 1898398?
9
What is the tens digit of 295017?
1
What is the thousands digit of 17753076?
3
What is the ten thousands digit of 2215950?
1
What is the ten thousands digit of 50245?
5
What is the hundreds digit of 527410?
4
What is the ten thousands digit of 11441928?
4
What is the units digit of 114328?
8
What is the hundred thousands digit of 612101?
6
What is the units digit of 2218346?
6
What is the ten thousands digit of 6484642?
8
What is the units digit of 2333738?
8
What is the thousands digit of 257577?
7
What is the ten thousands digit of 20447454?
4
What is the thousands digit of 645608?
5
What is the thousands digit of 5686906?
6
What is the thousands digit of 373715?
3
What is the hundred thousands digit of 206662?
2
What is the tens digit of 35455648?
4
What is the thousands digit of 182074?
2
What is the hundreds digit of 159902?
9
What is the hundred thousands digit of 6149621?
1
What is the ten thousands digit of 1225649?
2
What is the ten thousands digit of 549663?
4
What is the ten millions digit of 23916419?
2
What is the ten thousands digit of 594250?
9
What is the hundreds digit of 7052559?
5
What is the tens digit of 20308999?
9
What is the hundreds digit of 21025992?
9
What is the hundred thousands digit of 3481293?
4
What is the millions digit of 3876424?
3
What is the hundreds digit of 672882?
8
What is the units digit of 278213?
3
What is the thousands digit of 1073240?
3
What is the tens digit of 191650?
5
What is the thousands digit of 103674?
3
What is the thousands digit of 354977?
4
What is the hundred thousands digit of 784248?
7
What is the tens digit of 141980?
8
What is the hundred thousands digit of 2594741?
5
What is the ten thousands digit of 63186?
6
What is the units digit of 2371152?
2
What is the millions digit of 19750660?
9
What is the millions digit of 1020092?
1
What is the tens digit of 1578188?
8
What is the hundreds digit of 240415?
4
What is the hundred thousands digit of 332921?
3
What is the units digit of 5394915?
5
What is the units digit of 121144?
4
What is the hundreds digit of 1947631?
6
What is the hundred thousands digit of 598437?
5
What is the units digit of 382970?
0
What is the millions digit of 2924188?
2
What is the hundred thousands digit of 332173?
3
What is the units digit of 11335445?
5
What is the tens digit of 5875229?
2
What is the tens digit of 752204?
0
What is the hundred thousands digit of 29154856?
1
What is the hundreds digit of 762651?
6
What is the hundred thousands digit of 891734?
8
What is the tens digit of 2655057?
5
What is the ten thousands digit of 1450536?
5
What is the tens digit of 246174?
7
What is the units digit of 2193081?
1
What is the thousands digit of 3067540?
7
What is the thousands digit of 132546?
2
What is the ten thousands digit of 3960625?
6
What is the ten thousands digit of 211954?
1
What is the hundred thousands digit of 20288646?
2
What is the hundred thousands digit of 233309?
2
What is the hundreds digit of 5142336?
3
What is the hundreds digit of 694239?
2
What is the ten thousands digit of 318691?
1
What is the millions digit of 34101044?
4
What is the ten thousands digit of 187006?
8
What is the hundred thousands digit of 8167968?
1
What is the ten thousands digit of 1035510?
3
What is the hundreds digit of 481808?
8
What is the units digit of 461349?
9
What is the hundreds digit of 1140180?
1
What is the thousands digit of 1813167?
3
What is the hundreds digit of 1963202?
2
What is the ten thousands digit of 2416458?
1
What is the hundreds digit of 530811?
8
What is the thousands digit of 9935708?
5
What is the thousands digit of 563622?
3
What is the tens digit of 20121029?
2
What is the thousands digit of 1463052?
3
What is the ten thousands digit of 2404938?
0
What is the thousands digit of 967348?
7
What is the millions digit of 1062917?
1
What is the thousands digit of 2117476?
7
What is the thousands digit of 3550165?
0
What is the hundred thousands digit of 569490?
5
What is the units digit of 194433?
3
What is the millions digit of 13202802?
3
What is the thousands digit of 116888?
6
What is the tens digit of 146557?
5
What is the tens digit of 127056?
5
What is the ten thousands digit of 10222656?
2
What is the ten thousands digit of 227885?
2
What is the hundreds digit of 3558955?
9
What is the tens digit of 42083?
8
What is the ten thousands digit of 569930?
6
What is the hundreds digit of 807328?
3
What is the thousands digit of 5692348?
2
What is the ten thousands digit of 120867?
2
What is the hundreds digit of 1701486?
4
What is the tens digit of 230117?
1
What is the hundreds digit of 521949?
9
What is the thousands digit of 263445?
3
What is the hundred thousands digit of 134439?
1
What is the units digit of 6327584?
4
What is the ten thousands digit of 8085256?
8
What is the units digit of 11218095?
5
What is the ten thousands digit of 12766710?
6
What is the tens digit of 147979?
7
What is the hundreds digit of 32850?
8
What is the ten thousands digit of 19627827?
2
What is the millions digit of 19221040?
9
What is the tens digit of 204283?
8
What is the tens digit of 8018795?
9
What is the tens digit of 2427041?
4
What is the hundred thousands digit of 2860076?
8
What is the tens digit of 239780?
8
What is the thousands digit of 7768?
7
What is the millions digit of 1199046?
1
What is the units digit of 36092?
2
What is the hundreds digit of 440118?
1
What is the millions digit of 6500408?
6
What is the thousands digit of 996604?
6
What is the hundreds digit of 2123927?
9
What is the units digit of 843549?
9
What is the ten thousands digit of 4958671?
5
What is the millions digit of 9850932?
9
What is the units digit of 1391933?
3
What is the ten thousands digit of 58339?
5
What is the ten thousands digit of 1719597?
1
What is the ten thousands digit of 1932905?
3
What is the ten thousands digit of 560332?
6
What is the ten thousands digit of 978359?
7
What is the hundred thousands digit of 1695999?
6
What is the millions digit of 22595783?
2
What is the tens digit of 18077582?
8
What is the tens digit of 1511637?
3
What is the thousands digit of 1245172?
5
What is the hundreds digit of 1353005?
0
What is the thousands digit of 7540523?
0
What is the millions digit of 4738620?
4
What is the millions digit of 3560786?
3
What is the hundreds digit of 1257827?
8
What is the tens digit of 397854?
5
What is the units digit of 236583?
3
What is the hundreds digit of 4085538?
5
What is the ten thousands digit of 1699949?
9
What is the tens digit of 22255564?
6
What is the ten thousands digit of 3014920?
1
What is the thousands digit of 4834992?
4
What is the hundreds digit of 22725036?
0
What is the thousands digit of 1863880?
3
What is the hundreds digit of 485046?
0
What is the tens digit of 1567393?
9
What is the 